{"id":5,"date":"2022-10-05T13:35:17","date_gmt":"2022-10-05T13:35:17","guid":{"rendered":"https:\/\/camp-spirit-lake.uqo.ca\/?page_id=5"},"modified":"2022-10-21T20:46:59","modified_gmt":"2022-10-21T20:46:59","slug":"le-projet","status":"publish","type":"page","link":"https:\/\/camp-spirit-lake.uqo.ca\/?page_id=5","title":{"rendered":"Le projet"},"content":{"rendered":"\n<p>Ce projet de recherche, dirig\u00e9 par la professeure Rousseau, sp\u00e9cialis\u00e9e dans les questions de r\u00e9paration d\u2019injustices historiques, traite des enjeux contemporains entourant la conservation du patrimoine du camp d\u2019internement Spirit Lake (1915-1917), situ\u00e9 pr\u00e8s d\u2019Amos en Abitibi. Le Camp Spirit Lake (dont l\u2019endroit est aujourd\u2019hui d\u00e9sign\u00e9 par La Ferme ou Tr\u00e9cesson) est l\u2019un des 24 camps d\u2019internement qui ont enferm\u00e9 des prisonniers politiques, plus particuli\u00e8rement des ressortissants dont la majorit\u00e9 \u00e9tait d\u2019origine ukrainienne, durant la Premi\u00e8re Guerre mondiale (Luciuk, 2001; Kordan, 2002). Au-del\u00e0 de la privation de leur libert\u00e9, la suspension de leurs droits, ainsi que la d\u00e9portation vers les sites d\u2019internement, le travail forc\u00e9 \u2013 notamment le d\u00e9frichage n\u00e9cessaire \u00e0 l\u2019industrie foresti\u00e8re et \u00e0 l\u2019introduction de l\u2019agriculture \u2013 \u00e9tait la principale occupation de plus de 1200 prisonniers (Laflamme, 1989; Massicotte, 1998; Labr\u00e8che, 2018). Ce pan de l\u2019histoire canadienne et qu\u00e9b\u00e9coise, \u00e0 la fois li\u00e9e aux politiques f\u00e9d\u00e9rales d\u2019immigrations, mais aussi aux politiques qu\u00e9b\u00e9coises de colonisation des territoires, a longtemps \u00e9t\u00e9 oblit\u00e9r\u00e9 des livres d\u2019histoire et des m\u00e9moires collectives. C\u2019est pourquoi, en 2011, la cr\u00e9ation d\u2019un Centre d\u2019interpr\u00e9tation (par la Corporation Camp Spirit Lake) visait \u00e0 conserver, prot\u00e9ger et interpr\u00e9ter le site historique unique de ce camp de d\u00e9tention. En 2018, \u00e0 la suite de difficult\u00e9s financi\u00e8res (dont une dette de pr\u00e8s de 200 000$) et la d\u00e9mission d\u2019une majorit\u00e9 des administrateurs de la Corporation Camp Spirit Lake, la d\u00e9cision a \u00e9t\u00e9 prise de fermer le Centre d\u2019interpr\u00e9tation du Camp Spirit Lake et de d\u00e9manteler l\u2019exposition comm\u00e9morative destin\u00e9e \u00e0 la comm\u00e9moration de l\u2019exp\u00e9rience des personnes intern\u00e9es. <\/p>\n\n\n\n<p>En quoi consistait le projet m\u00e9moriel du Centre d\u2019interpr\u00e9tation du camp Spirit Lake (2011-2018) et qu\u2019est-il advenu de ce projet \u00e0 la suite de la fermeture du Centre?<\/p>\n\n\n\n<p>Les objectifs de cette recherche sont&nbsp;:<\/p>\n\n\n\n<p>-1) Mettre en valeur le patrimoine historique entourant le camp Spirit Lake<\/p>\n\n\n\n<p>-2) Documenter le travail de m\u00e9moire entam\u00e9 par la Corporation Camp Spirit Lake et le Centre d\u2019interpr\u00e9tation<\/p>\n\n\n\n<p>-3) Transf\u00e9rer nos observations aux citoyens-nes de Tr\u00e9cesson et d\u2019Amos, ainsi qu\u2019\u00e0 la population qu\u00e9b\u00e9coise et canadienne de mani\u00e8re g\u00e9n\u00e9rale.<\/p>\n\n\n\n<p>Retomb\u00e9es et contribution du projet&nbsp;:<\/p>\n\n\n\n<p>Ce projet vise \u00e0 mieux comprendre les enjeux de transmission, de pr\u00e9servation et de valorisation du patrimoine historique du Camp Spirit Lake, permettra non seulement de rendre visible des rapports de force \u00e0 l\u2019\u0153uvre dans la n\u00e9gociation du patrimoine li\u00e9 \u00e0 l\u2019internement durant la Premi\u00e8re Guerre mondiale, mais participera au devoir de m\u00e9moire en produisant des analyses qui pourront, cela est notre souhait, faire rena\u00eetre les volont\u00e9s de pr\u00e9server ce lieu de m\u00e9moire et de d\u00e9velopper des initiatives misant sur l\u2019\u00e9ducation. Cela sera rendu possible en rendant nos r\u00e9sultats de recherche accessibles (en fran\u00e7ais, en anglais) dans le but de faire persister l\u2019histoire des intern\u00e9s ukrainiens, et ce, au-del\u00e0 de fermeture du Centre en 2018.<\/p>\n","protected":false},"excerpt":{"rendered":"<p>Ce projet de recherche, dirig\u00e9 par la professeure Rousseau, sp\u00e9cialis\u00e9e dans les questions de r\u00e9paration d\u2019injustices historiques, traite des enjeux contemporains entourant la conservation du patrimoine du camp d\u2019internement Spirit Lake (1915-1917), situ\u00e9 pr\u00e8s d\u2019Amos en Abitibi. Le Camp Spirit Lake (dont l\u2019endroit est aujourd\u2019hui d\u00e9sign\u00e9 par La Ferme ou Tr\u00e9cesson) est l\u2019un des 24 [&hellip;]<\/p>\n","protected":false},"author":1,"featured_media":140,"parent":0,"menu_order":0,"comment_status":"closed","ping_status":"closed","template":"","meta":[],"_links":{"self":[{"href":"https:\/\/camp-spirit-lake.uqo.ca\/index.php?rest_route=\/wp\/v2\/pages\/5"}],"collection":[{"href":"https:\/\/camp-spirit-lake.uqo.ca\/index.php?rest_route=\/wp\/v2\/pages"}],"about":[{"href":"https:\/\/camp-spirit-lake.uqo.ca\/index.php?rest_route=\/wp\/v2\/types\/page"}],"author":[{"embeddable":true,"href":"https:\/\/camp-spirit-lake.uqo.ca\/index.php?rest_route=\/wp\/v2\/users\/1"}],"replies":[{"embeddable":true,"href":"https:\/\/camp-spirit-lake.uqo.ca\/index.php?rest_route=%2Fwp%2Fv2%2Fcomments&post=5"}],"version-history":[{"count":8,"href":"https:\/\/camp-spirit-lake.uqo.ca\/index.php?rest_route=\/wp\/v2\/pages\/5\/revisions"}],"predecessor-version":[{"id":174,"href":"https:\/\/camp-spirit-lake.uqo.ca\/index.php?rest_route=\/wp\/v2\/pages\/5\/revisions\/174"}],"wp:featuredmedia":[{"embeddable":true,"href":"https:\/\/camp-spirit-lake.uqo.ca\/index.php?rest_route=\/wp\/v2\/media\/140"}],"wp:attachment":[{"href":"https:\/\/camp-spirit-lake.uqo.ca\/index.php?rest_route=%2Fwp%2Fv2%2Fmedia&parent=5"}],"curies":[{"name":"wp","href":"https:\/\/api.w.org\/{rel}","templated":true}]}}