{"id":105,"date":"2022-10-17T17:15:29","date_gmt":"2022-10-17T17:15:29","guid":{"rendered":"https:\/\/camp-spirit-lake.uqo.ca\/?page_id=105"},"modified":"2022-10-21T21:17:49","modified_gmt":"2022-10-21T21:17:49","slug":"histoire-et-presentation-du-camp-spirit-lake","status":"publish","type":"page","link":"https:\/\/camp-spirit-lake.uqo.ca\/?page_id=105","title":{"rendered":"Bref histoire du camp Spirit Lake"},"content":{"rendered":"\n<p class=\"has-text-align-center has-medium-font-size\">Au Canada, lors de la Premi\u00e8re Guerre mondiale, 24 camps d\u2019internement ont vu le jour. Quatre d\u2019entre eux se retrouvaient au Qu\u00e9bec (Montr\u00e9al, Beauport, Valcartier et Spirit Lake). Parmi ceux-ci, le camp Spirit Lake en Abitibi-T\u00e9miscamingue accueille environ 1 200 d\u00e9tenus, ainsi que 150 femmes et enfants, ce qui repr\u00e9sente 85% des personnes intern\u00e9es de la province.<\/p>\n\n\n\n<p><\/p>\n\n\n<div class=\"wp-block-image\">\n<figure class=\"aligncenter size-full\"><img loading=\"lazy\" width=\"954\" height=\"577\" src=\"https:\/\/camp-spirit-lake.uqo.ca\/wp-content\/uploads\/2022\/10\/image.png\" alt=\"\" class=\"wp-image-57\" srcset=\"https:\/\/camp-spirit-lake.uqo.ca\/wp-content\/uploads\/2022\/10\/image.png 954w, https:\/\/camp-spirit-lake.uqo.ca\/wp-content\/uploads\/2022\/10\/image-300x181.png 300w, https:\/\/camp-spirit-lake.uqo.ca\/wp-content\/uploads\/2022\/10\/image-768x465.png 768w\" sizes=\"(max-width: 954px) 100vw, 954px\" \/><figcaption><strong>Cr\u00e9dit :<\/strong> https:\/\/anecdoteshistoriques.net\/2013\/07\/25\/les-camps-de-concentration-du-quebec-cicatrices-de-guerre\/<\/figcaption><\/figure><\/div>\n\n\n<p class=\"has-medium-font-size\"><strong>Camp Spirit Lake<br>Secteur de La Ferme, Tr\u00e9cesson, Abitibi (1915-1917)<\/strong><\/p>\n\n\n\n<p>Au d\u00e9but de la Premi\u00e8re Guerre mondiale, de nombreuses questions surgissent concernant les personnes de nationalit\u00e9 \u00ab\u00a0ennemies\u00a0\u00bb qui vivent sur le territoire canadien. Le 22 ao\u00fbt 1914, le gouvernement f\u00e9d\u00e9ral adopte la <em>Loi sur les mesures de guerre<\/em> ce qui lui conf\u00e8re plus de pouvoir dont ceux de suspendre certaines libert\u00e9s civiles et imposer des lois sans n\u00e9cessairement obtenir l\u2019appui du Parlement. Le 15 ao\u00fbt 1914, avec la publication de la <em>Proclamation concernant les immigrants d\u2019ascendance allemande ou austro-hongroise<\/em> le gouvernement canadien se donne le droit d\u2019arr\u00eater et d\u2019interner toute personne \u00ab soup\u00e7onn\u00e9e \u00bb d\u2019espionnage ou d\u2019acte de nature hostile envers l&rsquo;\u00c9tat. <\/p>\n\n\n\n<p>Entre 1914 et 1920, seront cr\u00e9\u00e9s 24 camps d\u2019internement, dont quatre au Qu\u00e9bec, qui enfermeront plus de 8 500 individus, majoritairement de nationalit\u00e9 ukrainienne. Le camp d\u2019internement Spirit Lake, en op\u00e9ration de 1915 \u00e0 1917, fut \u00e9tabli dans le secteur de La Ferme de la municipalit\u00e9 de Tr\u00e9cesson, soit \u00e0 environ 8 km de la ville d\u2019Amos en Abitibi.  D\u2019ailleurs, il a \u00e9t\u00e9 l\u2019un des deux seuls camps canadiens \u00e0 accueillir les familles des prisonniers. Ainsi, c&rsquo;est 1200 hommes et 150 femmes et enfants (n\u2019ayant commis aucun m\u00e9fait) qui ont \u00e9t\u00e9 priv\u00e9s de leurs biens, de leur libert\u00e9, d\u00e9port\u00e9s par train au milieu de la for\u00eat bor\u00e9ale. Lors de l\u2019internement, les prisonniers devaient surtout s\u2019occuper de d\u00e9fricher, de construire et d\u2019entretenir les b\u00e2timents et les aires de circulation. Ils devaient aussi veiller \u00e0 s\u2019approvisionner en eau potable et en bois de chauffage. Il y avait environ 200 soldats et officiers qui surveillaient le site. En janvier 1917, les derniers prisonniers sont transf\u00e9r\u00e9s dans un autre camp d\u2019internement, soit celui de Kapuskasing.<\/p>\n\n\n<div class=\"wp-block-image\">\n<figure class=\"alignleft size-full is-resized\"><img loading=\"lazy\" src=\"https:\/\/camp-spirit-lake.uqo.ca\/wp-content\/uploads\/2022\/10\/image-2.png\" alt=\"\" class=\"wp-image-59\" width=\"349\" height=\"240\" srcset=\"https:\/\/camp-spirit-lake.uqo.ca\/wp-content\/uploads\/2022\/10\/image-2.png 580w, https:\/\/camp-spirit-lake.uqo.ca\/wp-content\/uploads\/2022\/10\/image-2-300x206.png 300w\" sizes=\"(max-width: 349px) 100vw, 349px\" \/><\/figure><\/div>\n\n\n<p><\/p>\n\n\n\n<p class=\"has-small-font-size\"><strong>Photo :<\/strong> Vue du coeur du camp de d\u00e9tention de Spirit Lake avec son champ de parade et le lac des Esprits en arri\u00e8re-plan <\/p>\n\n\n\n<p class=\"has-small-font-size\"><strong>Source :<\/strong> Biblioth\u00e8que et Archives Canada\/ Collection R. Palmer\/ 3258055<\/p>\n\n\n\n<p><\/p>\n\n\n\n<p><\/p>\n\n\n\n<p><\/p>\n","protected":false},"excerpt":{"rendered":"<p>Au Canada, lors de la Premi\u00e8re Guerre mondiale, 24 camps d\u2019internement ont vu le jour. Quatre d\u2019entre eux se retrouvaient au Qu\u00e9bec (Montr\u00e9al, Beauport, Valcartier et Spirit Lake). Parmi ceux-ci, le camp Spirit Lake en Abitibi-T\u00e9miscamingue accueille environ 1 200 d\u00e9tenus, ainsi que 150 femmes et enfants, ce qui repr\u00e9sente 85% des personnes intern\u00e9es de [&hellip;]<\/p>\n","protected":false},"author":1,"featured_media":0,"parent":0,"menu_order":0,"comment_status":"closed","ping_status":"closed","template":"","meta":[],"_links":{"self":[{"href":"https:\/\/camp-spirit-lake.uqo.ca\/index.php?rest_route=\/wp\/v2\/pages\/105"}],"collection":[{"href":"https:\/\/camp-spirit-lake.uqo.ca\/index.php?rest_route=\/wp\/v2\/pages"}],"about":[{"href":"https:\/\/camp-spirit-lake.uqo.ca\/index.php?rest_route=\/wp\/v2\/types\/page"}],"author":[{"embeddable":true,"href":"https:\/\/camp-spirit-lake.uqo.ca\/index.php?rest_route=\/wp\/v2\/users\/1"}],"replies":[{"embeddable":true,"href":"https:\/\/camp-spirit-lake.uqo.ca\/index.php?rest_route=%2Fwp%2Fv2%2Fcomments&post=105"}],"version-history":[{"count":6,"href":"https:\/\/camp-spirit-lake.uqo.ca\/index.php?rest_route=\/wp\/v2\/pages\/105\/revisions"}],"predecessor-version":[{"id":184,"href":"https:\/\/camp-spirit-lake.uqo.ca\/index.php?rest_route=\/wp\/v2\/pages\/105\/revisions\/184"}],"wp:attachment":[{"href":"https:\/\/camp-spirit-lake.uqo.ca\/index.php?rest_route=%2Fwp%2Fv2%2Fmedia&parent=105"}],"curies":[{"name":"wp","href":"https:\/\/api.w.org\/{rel}","templated":true}]}}